m + 1. What is j(c)?
-1
Let x(f) be the second derivative of f**4/4 - 11*f**3/3 - 41*f. Let y be x(7). Let v(t) = t - 3. Calculate v(y).
-10
Let l = -16 + 16. Let g(i) be the third derivative of -i**6/720 - i**5/20 + i**4/3 - 9*i**2. Let q(a) be the second derivative of g(a). Determine q(l).
-6
Let h(f) = 107*f**2 - 106*f**2 + 5*f - 4*f + 32 - 26. Determine h(-3).
12
Suppose 21 = -10*b - 29. Let r(y) = -y**3 - 6*y**2 - 3*y - 1. Give r(b).
-11
Let j(q) be the second derivative of q**5/20 + q**4/24 + q**3/6 - 2*q**2 - 20*q. Let s(c) be the first derivative of j(c). Let i = -4 + 6. Give s(i).
15
Let f = 3 - -2. Let j(a) = -a**3 + 7*a**2 - 7*a. What is j(f)?
15
Let v = 69 - 71. Let n(b) = b**3 - b**2 + 3*b - 8. Let l(w) = w**2 - w - 1. Let k(a) = v*l(a) - n(a). What is k(0)?
10
Suppose -2*q + 15 = 1. Let k(t) = t + 1. Let h(m) = m + 2. Let v(y) = q*k(y) - 3*h(y). Let z = -47 + 45. Determine v(z).
-7
Let w(n) = -n + 30. Let d be w(23). Let q(b) = -b**2 + 9*b + 3. Give q(d).
17
Let f(y) = -2*y + 3. Suppose 4*o - 23 = -4*i - 7, -5*o + 3*i = 12. Let v be o/4 + 1 - 12. Let w = v - -14. Determine f(w).
-3
Let w(s) = -s**3 - 3*s**2 + 9*s + 8. Let n be w(-5). Let p(k) = 6 - k + 2*k + k**2 - n. Suppose 4*d = 2*h - 12, 5*h + 3*d + 9 = -0*d. What is p(h)?
-7
Suppose -3*w = -2 + 32. Let g(y) be the third derivative of y**4/24 + 3*y**3/2 + y**2 - 41. What is g(w)?
-1
Let o(x) be the third derivative of x**5/60 + x**4/3 - 19*x**3/3 + 38*x**2 - 1. Determine o(-11).
-5
Let p(n) = -n + 8. Let l be p(3). Let v(c) = 4*c - 25. Let k be v(l). Let g(m) = 3*m**3 - 1 - 4*m**2 - 4*m**3 + 6*m + 0*m**2. Determine g(k).
-6
Let t be ((-1)/(-4) - 292/240) + 1. Let h(d) be the third derivative of -1/120*d**6 + 0*d + 0 - t*d**5 + 1/2*d**3 + 3*d**2 + 1/12*d**4. Calculate h(-2).
-1
Let k(b) = b**2 - b - 2. Let r be k(4). Suppose 0*v = -v + 3*q - r, -2*v + 5*q - 15 = 0. Let c(p) = p**3 - 6*p**2 + 8*p - 6. Give c(v).
9
Let x(r) be the second derivative of r**5/20 - r**4/3 - 7*r**3/6 - 5*r**2/2 + 13*r. Calculate x(6).
25
Let b(l) = -2*l**3 - 2*l + 1. Let t(r) = r**2 - 16*r - 78. Let v be t(20). What is b(v)?
-19
Let z(n) = 5 + 5 - n**2 - 2 - 4 - 7*n. Let d(b) = -b**3 - 6*b**2 - 8. Let p be d(-6). Let v be z(p). Let x(t) = t**2 + 7*t + 6. What is x(v)?
-6
Suppose -11*n + 3*n + 24 = 0. Let u(f) = 2*f. Give u(n).
6
Let i be 31/(-4) + 16/(-64). Let d be (35/28)/((-2)/i). Let b(s) = -s**2 + 7*s - 4. What is b(d)?
6
Let d(b) = -30*b - 23*b + 80*b - 19*b. Suppose -2*l = -2*j - 4, 8*l = 3*l - 5*j - 20. Determine d(l).
-8
Let i(j) = 22 + 5 - j + 2*j - 10. Calculate i(-20).
-3
Let a(x) = x + 12. Suppose 9 = -3*f, -f + 15 - 3 = -5*s. Let l = 1 - 0. Let k(w) = 1. Let n(d) = l*a(d) + s*k(d). What is n(-5)?
4
Let b(i) = i**3 - 11*i**2 + i - 11. Let a be b(11). Suppose 3*j = o - 2 + 3, -2*j = a. Let z(n) = -7*n**2 - n - 1. Calculate z(o).
-7
Let l(k) be the first derivative of k**4/4 - 8*k**3/3 - 7*k**2/2 - 12*k - 116. Calculate l(9).
6
Let o(q) = -q**3 + 6*q**2 - 3*q + 6. Let l(i) = -i**3 + 6*i**2 - 4*i + 6. Let c(s) = -3*l(s) + 4*o(s). Let a be ((-9)/4)/(9/(-24)). Determine c(a).
6
Let o(h) = 4*h**2 + h + h - 8*h**2 + 0 + h + 1. Calculate o(3).
-26
Suppose 8*j + 8 = -0*j. Let l(n) be the second derivative of -5*n**3/6 - 7*n**2/2 - n. Let h(p) = -p - 1. Let b(m) = -6*h(m) + l(m). Give b(j).
-2
Let m = 92 + -90. Suppose 11*p = -31 - m. Let u(t) = t**2 + t. What is u(p)?
6
Let b(t) = -2*t - 3. Suppose -6 = -4*q + 2*q, 2*q = -3*s - 6. Let c be (-15)/10 - -2 - 14/s. Give b(c).
-11
Let o = -1 + 34. Let r be (20/(-35))/(4/(-14)). Let k(t) = -29*t - 1 - r + o*t + t**2 - 2. Give k(-5).
0
Suppose -27 = -2*o - 15. Let m(q) = q**3 - 5*q**2 - 8*q + 8. Suppose -14 + 5 = 3*c. Let h(w) = w. Let f(y) = c*h(y) - m(y). What is f(o)?
-14
Let b be (5 - (-2)/(-1)) + 10 + 3. Let o(r) = 4 + 4*r - 4*r**2 + b*r**2 - r**3 - 5*r**2 - 9*r**2. Give o(-3).
1
Suppose 5*n = -6*h + 7*h + 22, 0 = -3*n + 15. Let f = 184 - 184. Let b(k) = -h*k + k**2 + 6 + 0*k + f*k**2. Calculate b(4).
10
Suppose 4*i - 74 - 2 = 0. Let m(h) = -62 + i*h**2 + 63 - h + 3*h. Calculate m(-1).
18
Let q(r) be the third derivative of 1/12*r**4 - 1/6*r**3 + 0 + 0*r - 1/30*r**5 + 15*r**2. Calculate q(1).
-1
Let q = 212 - 207. Let y(c) = -c**2 + 7*c - 3. Give y(q).
7
Let p(x) = -x**3 + 8*x**2 - 10*x + 2. Let d be 2*3/(48/40). Calculate p(d).
27
Let g(s) = -s**2 + s - 6. Suppose 0 = -4*c + 2*v - 278, -c = 3*c - 3*v + 273. Let h be (-6)/4 + c/(-48). What is g(h)?
-6
Let h(k) be the first derivative of k**3/3 + 7*k**2 + 14*k + 7. Give h(-13).
1
Suppose -40 = 3*k - 2*o, 0*o = 3*k - 3*o + 45. Let b = -9 - k. Suppose -g = -b - 0. Let h(m) = m**2 - m + 1. Determine h(g).
1
Suppose -4*m + 3*j - 6*j = 11, -15 = 5*m + 4*j. Let r(a) = 2*a - 14*a**3 + 3*a**3 - a - m. Give r(1).
-11
Let k(f) = -f**2 + f + 23. Let u(v) = v + 35. Let g(w) = 3*k(w) - 2*u(w). Suppose 0 = -4*r + 13 + 3. Suppose h + r = 3*h. Determine g(h).
-11
Suppose -3*c = -4*r + 10, -2*c + 2*r + 34 = -7*c. Let n(u) be the third derivative of u**5/60 + 7*u**4/24 + 4*u**3/3 + 2*u**2 + 937. Calculate n(c).
2
Suppose 22 = 4*r + 6. Let f(t) = -r - t**3 + 3*t**2 - 8*t + 9*t - 2*t. What is f(3)?
-7
Let n(z) = z**2 - 2. Let a(p) = -12*p + 14. Let u(s) = a(s) + n(s). What is u(10)?
-8
Let p(o) = -o**2 - 12. Let r(y) = 9 - 3*y + 7 - 6 + 2. Let k be r(4). What is p(k)?
-12
Let d(j) = -21 + 56 - 19 + j**2 - 23 + 3*j. Give d(-4).
-3
Let o(f) = f - 5. Let t(h) = h**3 - 8*h**2 + 13*h + 7. Let a be t(6). Suppose -3*l - 110 = -a*l. What is o(l)?
6
Let p be -1*(-336)/(-108) + (-3)/(-27). Let d(f) = -12*f - 4. Give d(p).
32
Let g(p) = p**3 - 11*p**2 - 11*p - 11. Suppose -j + 20 = 2*b, 5*j = 6*j + 5*b - 32. Calculate g(j).
1
Suppose n + 6 = 21. Let t(r) = 19*r - 2*r - n*r. What is t(-3)?
-6
Let k(a) = 23*a - 1. Let v(f) = -f**2 + 9*f - 43. Let q be v(12). Let s = q - -80. Determine k(s).
22
Let f be (1600/6)/(-4) + 8/12. Let k = -68 - f. Let j(z) = -z - 1. Give j(k).
1
Let o(p) = -5*p + 5. Let n(w) = w. Let m(t) = 7*t - 4. Let s(k) = -m(k) + n(k). Let x(q) = -5*o(q) + 4*s(q). Give x(0).
-9
Let m(h) = -h**3 - 2*h**2 - 3*h - 2. Suppose 0 = 4*p + 7 - 15. Suppose t = -4*f - 8, 2*t + 2 = -f - p*t. Give m(f).
4
Let r(j) be the third derivative of -j**6/120 - j**5/12 - j**4/8 - 5*j**3/6 + 2*j**2 - 17*j. Determine r(-5).
10
Suppose 8 = 2*g, 9*g - 5*g = -5*k + 11. Let f(p) be the first derivative of 5*p**3/3 - p**2 - p + 2. Calculate f(k).
6
Let r(x) = x**3 + 63*x**2 - 413*x + 76. Let f be r(-69). Let t(j) be the second derivative of -j**5/20 + j**4/2 + 7*j**3/6 + j. Calculate t(f).
0
Suppose g - 10 = -4*f, -3*f + f + 2 = 2*g. Let i(a) = a**3 - 4*a**2 + 3*a + 1. What is i(f)?
1
Let a(t) = -7*t**2 + 23*t - 16. Let o be (-30)/(-9)*(3 + 9/(-6)). Let y(r) = -11*r**2 + 35*r - 25. Let h(c) = o*y(c) - 8*a(c). What is h(8)?
-5
Suppose -12*k + 14*k + 6 = 0. Let q = -4 - -6. Let b(v) = 3 - q*v - 2*v**2 + 0 - v**2 + 2*v**2. What is b(k)?
0
Let b be 1/5 - (-58)/10. Let u(x) = -x - 4. Let f(p) = 10*p + 17. Let y(a) = f(a) + 6*u(a). Determine y(b).
17
Let h(f) = -46 + 12 + 17 + f + 24. What is h(-7)?
0
Suppose -24*d = -8*d - 240. Let t(c) = -7 + 4*c - d*c + 10*c. What is t(-3)?
-4
Let c(u) = -6*u - 5. Let g(s) = -28*s - 20. Let p(l) = 9*c(l) - 2*g(l). Let q(b) = b**2 + 4*b + 4. Suppose -12 = -o + 4*o. Let i be q(o). Give p(i).
3
Let i(f) = f - 13. Let z be i(10). Let a be z*-12*(-8)/36. Let h be 2/a - (-3)/(-4). Let j(t) = -7*t**3 + 1. What is j(h)?
8
Suppose 4*h - 27*o + 60 = -23*o, -5*o = -3*h - 51. Let c(i) = -5*i - 54. What is c(h)?
6
Suppose 4*y = -5*f + 54 + 242, -f - 2*y + 64 = 0. Let o be (-16)/f - 23/(-7). Let a(c) = 2*c - 9*c**2 - c + 7*c**2 + c**3 - 2 - o*c**3. What is a(-2)?
4
Let u(r) = r**3 + 10*r**2 + 2*r - 1. Let h(w) = w**3 + 12*w**2 + 3*w - 2. Let d(j) = -4*h(j) + 5*u(j). What is d(-3)?
0
Let g(l) = 611*l + 3 - 617*l - l**2 + 1. What is g(-6)?
4
Let j be ((-12)/(-4))/(2/138). Let x(s) = -2 + 217*s + 3 - j*s. Calculate x(1).
11
Suppose 3*h = 2*h. Suppose 5*k + 3*w - 8 = -4, -k - 3*w - 4 = h. Let t(g) = -5 + g + 6 - k*g. Determine t(6).
-5
Suppose -2 = r - 3. Let x be (12/(-18))/(2/(-6)). Let o(l) = -1 - x*l + 0 + 3*l. Determine o(r).
0
Let n(m) = -m**2 - 12*m - 13. Let x(u) = -u**2 - 11*u - 11. Let f(q) = -2*n(q) + 3*x(q). Determ